Let z = 6 - 2. Let u(c) = o*w(c) + z*y(c). Give u(5).
5
Let o = -42 + 61. Let b(f) = -19 + o - f. Give b(-1).
1
Let h be (10/(-15))/((-6)/(-9)). Let y(t) = 17*t**2 + 2*t + 1. Calculate y(h).
16
Let q(c) = c**3 + c**2 + c - 3. Let b = -39 - -39. What is q(b)?
-3
Let n(i) = -i - 1. Let j(z) = z. Let v(r) = 3*j(r) + 2*n(r). Let h be v(-3). Let w(t) be the first derivative of t**3/3 + 2*t**2 - 2*t + 1. Determine w(h).
3
Let c(u) be the first derivative of 0*u**3 + 1 + 0*u - 1/2*u**2 + 3*u**4. What is c(1)?
11
Suppose -5*j + 37 = 2*q - 0*j, -4*q + j = -19. Let w(n) = -n - 4. Give w(q).
-10
Let o(s) = -s + 12. Let f = 36 + -25. Suppose 18 = 6*c - 12. Suppose f = c*h - 19. Determine o(h).
6
Suppose -2*y = -3*a + 5, 2*a - 3*y - 15 = -10. Suppose -4 = -0*j - 2*j. Let k(s) = 10*s**j + 3 - 3. Give k(a).
10
Let h(f) = -f + 9. Let a be 33/9 + (-2)/(-6). Calculate h(a).
5
Let y(m) = 2*m**2 - 3*m - 4. Let j be 4/(-6)*126/(-28). Determine y(j).
5
Let d(p) = p**3 + 4*p**2 + 4*p + 4. Let w be d(-3). Let z(q) = 8*q**2 + 7*q**3 - 6*q**2 + 0 - w. Calculate z(-1).
-6
Let u(t) = t + 1. Let g(y) = 19*y + 20. Let b(w) = -g(w) - u(w). Let h(k) = -7*k - 7. Let a(l) = -6*b(l) + 17*h(l). What is a(-6)?
1
Suppose 0 = -u - 2*d - 4, -5*u - 4*d = -0*d - 10. Let t(k) = 17*k**2 - 15*k + 15. Let p(f) = -8*f**2 + 7*f - 7. Let g(z) = u*t(z) + 13*p(z). Determine g(-2).
-11
Let p be (4 + (-9)/(-3))/(-1). Let t(b) = b**3 + 7*b**2 + b - 3. Give t(p).
-10
Let q(i) = -7*i - 1. Let m(o) = o**3 + 25*o**2 - 2. Let f be m(-25). Give q(f).
13
Let v(f) = -5*f**2 - 8*f. Let l(o) = -4*o**2 - 8*o - 1. Let m(z) = 4*l(z) - 3*v(z). Give m(-6).
8
Let d = 36 + -79. Let p be (-2)/9 - d/(-9). Let c(w) = -2*w - 7. Determine c(p).
3
Let k be 4/2 - (-42)/7. Let r be (-64)/k*(-3)/1. Let w(i) = 0 + i**3 + 4*i**2 + r*i - 20*i - 1. What is w(-3)?
-4
Let f(o) = 5*o - 9. Let d(n) = 11*n - 19. Let b(a) = -6*d(a) + 13*f(a). Let q = -12 + 7. Determine b(q).
2
Suppose 3*b + 22 = 2*b. Let f be 3/6 + b/(-4). Let t(l) = 0*l + f*l - 3*l + 2. Calculate t(-3).
-7
Let q = -6 - 4. Let c be q/35 - 52/14. Let o(a) = a**3 + 4*a**2 - 1. Determine o(c).
-1
Let j(g) be the second derivative of g**7/840 - g**6/180 - g**5/40 + g**3/2 - 2*g. Let d(b) be the second derivative of j(b). What is d(3)?
0
Let w(f) = -9*f - 5 + 3 + 2*f. Calculate w(-2).
12
Suppose w - 4*d = -3*w + 8, -4*d - 8 = -5*w. Let l(z) = w*z + 6 + 6 - z. Let b(g) = -g - 4. Let r be b(-4). Calculate l(r).
12
Let m(r) = r + 3. Let z(l) = 12*l + 32. Let o(s) = -32*m(s) + 3*z(s). Let d be ((-2)/5)/(2/(-5)). Calculate o(d).
4
Let m(x) be the third derivative of -x**4/24 + x**3/2 - 2*x**2. Suppose -8 = -h - h. Suppose h*l - 5*b - 26 = 0, 4*b + 0 = -5*l + 12. Give m(l).
-1
Let p(o) = 4*o**2 + 25*o - 7. Let f(q) = -3*q**2 - 17*q + 5. Let g(a) = -7*f(a) - 5*p(a). Let n(i) = i - 3. Let b be n(3). Let v = b - -5. Determine g(v).
-5
Let s(r) = r + 3. Let k(i) = i + 12. Let f be k(-7). Calculate s(f).
8
Let r(w) = -w**3 + w**2 - 1. Let p(g) = -5*g**3 + 5*g**2 - 5. Let t(l) = -p(l) + 6*r(l). Determine t(-1).
1
Let k(o) = -o - 6. Let r be 140/16 + 3/12. Suppose -5*v - r - 11 = 0. What is k(v)?
-2
Suppose 0 = 5*f + 2*r - 5, -4*f - 3*r = -11 - 0. Let j = 11 + -6. Let l(v) = 0*v + 4*v - j*v - 1 - 4*v. Give l(f).
4
Let b(g) = -3*g**3 + 15 + 2*g**3 + 0*g + 0*g + g**2 + g. What is b(0)?
15
Let f(w) = 2*w - 6. Let h be f(6). Suppose -q - h + 1 = 0. Let k(y) be the second derivative of y**3/6 + 3*y**2 - 4*y. Give k(q).
1
Let d(l) be the third derivative of l**4/24 + l**3/2 - 10*l**2. Give d(-4).
-1
Suppose 5*k - 3*f + 16 = -0*k, 5*f - 10 = 0. Let p(x) = x**3 + 2*x**2 + 4*x + 3. Calculate p(k).
-5
Let o(r) = r - 5. Let f be o(6). Let z = f - 0. Let b = z + -2. Let k(h) = 3*h**3 + h. Calculate k(b).
-4
Let q(p) = -7*p**2 - 17*p - 5. Let b(m) = 4*m**2 + 9*m + 3. Let v(h) = 5*b(h) + 3*q(h). Let f(l) = -3*l - 3. Let i be f(1). Give v(i).
0
Let c(k) = -5*k**2 - 2*k + 1. Let z be c(1). Let n(d) = d**2 + 6*d + 4. Calculate n(z).
4
Let u(l) = l**3 + 6*l**2 - 7*l + 2. Let r be u(-7). Let w(s) be the first derivative of -s**3/3 - s**2/2 - 8. Calculate w(r).
-6
Let v = 1 + 1. Let h(b) be the first derivative of -3*b**2/2 + 2*b - 39. Give h(v).
-4
Let t(w) be the first derivative of -w**2/2 - w + 38. Let k(d) = d**3 - 6*d**2 + 4*d. Let o be k(5). Determine t(o).
4
Let w be (-42)/24*4/(-6). Let x(j) be the third derivative of 0*j + 1/24*j**4 + 0 + j**2 + 1/60*j**5 + w*j**3. Determine x(0).
7
Suppose -4*d = -3*s + 1, s - 25*d + 22*d - 2 = 0. Let r(o) = 17*o**2 + o + 1. Calculate r(s).
17
Suppose 3*p = 3*u - 36, 2*p - 3*u + 32 = 9. Let x be 2/(-6) + p/(-3). Let n(d) = 7*d**2 - d**3 - x - 9*d + 6*d - 2*d. Determine n(6).
2
Let q(o) = o**3 - 5*o**2 - 5*o + 2. Let l = -9 - -15. Calculate q(l).
8
Let p(k) = 12*k**3 + 5*k**2 - k + 3. Let t(h) = -6*h**3 - 3*h**2 + h - 2. Let q(s) = -3*p(s) - 5*t(s). What is q(1)?
-7
Let o = -3 + 5. Let v(a) = 2. Let y(r) = -r + 8. Let p be (-34)/4 + 1/(-2). Let u(m) = o*y(m) + p*v(m). What is u(-3)?
4
Let f(x) be the third derivative of 0 + 1/24*x**4 - 1/6*x**3 + x**2 + 0*x. Let q(y) = -2*y + 3. Let u(w) = -f(w) - q(w). Give u(4).
2
Let u(n) = 2*n + 9. Let c(l) = -5 - 7*l + 4*l + 2*l. Let d(z) = 11*c(z) + 6*u(z). Let f be d(3). Let r(h) = -h**2 - 2. Calculate r(f).
-6
Let q(b) = 3*b - 7. Let h(f) = -f + 4. Let a(n) = 5*h(n) + 2*q(n). What is a(5)?
11
Let g(h) = h**2 + 7*h. Let y(t) = -2*t**3 + 4*t**2 - 2*t - 2. Let o be y(2). What is g(o)?
-6
Suppose -2 + 20 = 6*r. Let y(f) be the first derivative of -f**4/4 + f**3 - f**2/2 - 2*f - 3. Determine y(r).
-5
Suppose 7*t - 42 + 14 = 0. Let f(z) = -z**2 + 4*z + 5. Calculate f(t).
5
Let q(n) = -n + 2 + 6 - 6 + 2. Let s(a) = a**2 - 7*a + 6. Let i be s(6). Let k be (-2)/4*(i - 0). What is q(k)?
4
Suppose 0 = 2*d + 5*n + 5, 0 = d - n + 10 - 4. Let q = d - -3. Let v(m) = -m. What is v(q)?
2
Let w(m) = m + 3. Let u be w(0). Suppose 0 = u*s - 0*s - 18. Let k(q) = -q**2 + 6*q - 1. Calculate k(s).
-1
Let t(i) = i**3 - i**2. Let a(n) = 4*n**3 - 8*n**2 + 6*n + 6. Let o(q) = -a(q) + 5*t(q). Let h = -4 - 0. What is o(h)?
2
Let w = 0 - -3. Suppose 0*g = g - w. Let s(t) = t - 2. Let y(r) = -2*r + 2. Let m(x) = 3*s(x) + 2*y(x). Calculate m(g).
-5
Let n(l) = -2*l + 13. Let c(u) = u - 7. Let a(z) = -5*c(z) - 3*n(z). Let d be (3 + 1)*1/1. Give a(d).
0
Let x(f) = 2*f**2 - f + 1. Let b = 1 + 0. Give x(b).
2
Let g(c) = -c**3 - 3*c**2 + 3*c. Let v(j) = -j**3 + j**2 - 1. Let i(y) = g(y) - 2*v(y). What is i(3)?
-7
Let d(c) = 2*c. Suppose 17 - 2 = 3*f. Suppose -y - f*y = 24. Determine d(y).
-8
Let a(k) = -2*k - 2. Let t(h) be the first derivative of h**2/2 + h - 2. Let c(y) = 5*a(y) + 8*t(y). Calculate c(-4).
6
Suppose -a - a = -8. Let s(k) = 2*k**2 - 5*k - 3. What is s(a)?
9
Let d = 4 + -2. Let m(g) = 0*g + d - 5 + 3*g - 4*g. Determine m(6).
-9
Let p(v) = -v**3 - v**2 + 2*v - 1. Let h(b) = -b**3 - 16*b**2 - 15*b + 1. Let s be h(-15). Determine p(s).
-1
Let s be (0 + 4 - 6) + 3*2. Let r(q) be the second derivative of -1/3*q**4 + 1/6*q**3 - 2*q**2 + 0 + q + 1/20*q**5. Determine r(s).
0
Let f(t) be the third derivative of -1/6*t**3 + 0 - 1/60*t**5 - 2*t**2 + 1/12*t**4 + 0*t - 11/120*t**6. Calculate f(1).
-11
Let r(v) be the third derivative of v**4/12 + v**3/6 - 7*v**2. Calculate r(2).
5
Let m be -1 + 6*(4 + -3). Let k(i) = -i**2 + 5*i + 5. Calculate k(m).
5
Let r(l) = -l + 2. Let f(v) = 0*v**2 + v + 2*v + 2*v**2 - 6 - v**2. Let j be f(-5). Calculate r(j).
-2
Let p be 10*(2/(-4) + 1). Suppose 0 = 4*r + i - 3, 0*r + p*i = 4*r - 9. Let a(d) = 2*d**3 + r - 4*d**3 + d + 3*d**3 - 9. What is a(0)?
-8
Let q(l) = 4*l + 2. Suppose -4*a = -9 + 77. Let v = a - -19. What is q(v)?
10
Let d be -12*(-3)/((-18)/(-4)). Let w(a) = -a**3 - 5*a**2 - 2. Let p be w(-5). Let u = p + d. Let s(n) = n**2 - 7*n + 3. Calculate s(u).
-3
Let v(l) = 1. Let s(n) = -n - 1. Let j(o) = -s(o) - 3*v(o). Let a be (-16)/(-8)*(0 + -1). What is j(a)?
-4
Let k be (-3)/4*(-1 - -5). Let h(v) = -2*v - 6 - 3*v + 2*v + 2. What is h(k)?
5
Let v(f) = -f - 8. Suppose 16 = -2*i - 2*b, -5*i + 2*b - 34 = 4*b. Determine v(i).
-2
Let t = 4 + -9. Let m(r) = 9*r**3 + 5*r**2 + 14*r + 1. Let s = -3 - 4. Let f(j) = -5*j**3 - 2*j**2 - 7*j. Let w(i) = s*f(i) - 4*m(i). Calculate w(t).
6
Let n(l) = l + 15. Suppose 2*p